= -5*m. Calculate the highest common divisor of m and 455.
35
Let f = -12707 - -17059. Calculate the greatest common divisor of f and 1024.
256
Let t be 47/2 - 4/8. Let h = t - -17. Let p = 217103 + -217095. What is the highest common divisor of p and h?
8
Suppose 0 = -5*j + 2*l + 24, -j - 8 = -2*j + 2*l. Suppose 0 = -j*p + p + 30. Suppose 5*r + 4 = 14. What is the highest common divisor of r and p?
2
Suppose -209*u = -1026084 - 41070. Calculate the greatest common divisor of u and 148.
74
Suppose 4*s - c - 254 = 87, 3*s = -5*c + 227. What is the greatest common factor of s and 1792?
28
Suppose -9*s - 4*s = 0. Let p be 39*1 - (-1 + 1). Suppose s = -b + 14*b - p. What is the greatest common factor of b and 3?
3
Let d(m) = -120*m**3 + 2*m**2 + m. Let h be d(-1). Suppose 0 = 10*a - 24 - 86. Suppose 0 = 13*x - 12*x - a. What is the highest common divisor of h and x?
11
Suppose 29*g = -g + 150. Suppose -10*v + 4 = 4*b - g*v, -4 = v. What is the greatest common divisor of 51 and b?
3
Suppose -2*d - s = 760 - 39, 5*d = -5*s - 1805. Let q = d - -367. What is the greatest common factor of 371 and q?
7
Let h = 30516 - 30438. What is the greatest common factor of h and 247?
13
Suppose 3*h - 1356 = -4*r, -15*h = 5*r - 10*h - 1700. Let t be 288/r*(-14)/(-3). Let c be 46 + (-2)/3*3. Calculate the highest common divisor of t and c.
4
Let s be (9 + 186)/((-51)/(-1105)). Calculate the greatest common factor of 25 and s.
25
Suppose 6*q + 238 + 836 = 0. Let n = q + 218. Calculate the highest common factor of 156 and n.
39
Let x = -29 + 70. Let y = -48 + x. Let k(v) = -v**3 - 5*v**2 - 5*v + 7. Let o be k(y). Calculate the greatest common divisor of 56 and o.
28
Let z be (-4)/(-2) - (5 + -3). Suppose 4*l + 5*v - 2*v - 484 = z, -4*v + 356 = 3*l. Suppose 10*a - 398 = -88. What is the highest common factor of a and l?
31
Suppose -12 = -2*q - 2, g - q = -2. Let i = 121 - 25. Calculate the greatest common divisor of g and i.
3
Let i(n) = 7*n**3 - 5*n**2 - 16*n + 14. Let q be i(3). Calculate the highest common divisor of 4345 and q.
55
Suppose 0 = -i + 3*i + 5*m + 35, -i = 2*m + 17. Let h(b) = -4*b - 3. Let n be h(i). Calculate the highest common divisor of n and 399.
57
Let k be (-2 - -8)*((-16)/(-30))/((-12)/(-420)). What is the highest common factor of 938 and k?
14
Suppose 5*v = -2*n + 73, -4*v + 72 = 3*n - n. Calculate the highest common factor of 1700 and n.
34
Suppose 19*o + 46371 = 7948 + 206535. Calculate the greatest common factor of o and 224.
112
Suppose -2*k + 1610 - 296 = -2*u, -k + 4*u + 642 = 0. Let r = -606 + k. Calculate the greatest common divisor of 322 and r.
14
Suppose -391 = 3*p - b - 4034, p - 4*b - 1207 = 0. What is the greatest common factor of 10 and p?
5
Suppose 126*f + 219700 = 191*f. Calculate the greatest common factor of f and 20.
20
Suppose -34*p - 1392 = -10*p. Let d = p + 70. What is the highest common factor of d and 30?
6
Let d(p) = 56*p**2 - 196*p - 90. Let g be d(15). What is the highest common factor of 22 and g?
22
Let t be -57 + 57 - (-1957 + -3). What is the greatest common divisor of 14 and t?
14
Suppose -9*d = -8*d - 9. Let p(v) = -v**3 - 2*v - 13 + d*v**2 + 2 + 0*v + 0*v. Let m be p(8). Calculate the greatest common divisor of 37 and m.
37
Suppose -4*p + 32 = 2*j, -2*j - p = 2*j - 50. Let z = 25 - 23. Suppose 2 = z*w - 14. Calculate the greatest common factor of j and w.
4
Suppose s = 4*v + 158, 0 = 4*v - 106 + 134. Calculate the greatest common factor of 64 and s.
2
Let t(u) = 69*u**2 - 14*u + 58. Let q be t(5). Let j = q - 1200. Calculate the greatest common divisor of 27 and j.
27
Let z(h) be the first derivative of 0*h - 1/4*h**4 - 4 - 5/2*h**2 - 2/3*h**3. Let p be z(-3). Calculate the highest common divisor of 6 and p.
6
Suppose 5*p = -3*d + 27 - 5, -3*p + 18 = 3*d. Let k be -15*d/(-12)*10. What is the greatest common factor of k and 30?
10
Let o(g) = 101*g + 2040. Let t be o(-20). Suppose j - 40 = -0*j. Suppose -j = -4*v - 0*v. What is the highest common divisor of t and v?
10
Let d(i) be the first derivative of -7*i**2/2 + 8*i + 8. Let k be d(7). Let u = -31 - k. Calculate the highest common factor of u and 40.
10
Let q = -143 - -91. Let l = q - -56. Suppose 0 = -4*j + 3*v + 247, -2*j + 151 - 11 = l*v. Calculate the greatest common divisor of 48 and j.
16
Suppose 0 = -8*x + 102 + 722. Suppose 0 = 4*i - 3*i - 3*t + x, 5*t - 20 = 0. Let a = i + 136. What is the highest common divisor of a and 30?
15
Let z be 75 + (-1)/(-2)*(23 - 19). Calculate the highest common divisor of z and 11.
11
Suppose 9 = -5*b - 2*p, -p = -2*p - 2. Let a be 1 + -2 - 1*(b + 2). Let r be (-15)/(a - (-15)/9). What is the highest common factor of 30 and r?
15
Let u(z) be the third derivative of 37*z**5/60 + z**4/6 - z**3 - 3*z**2 - 7. Let k be u(1). What is the highest common divisor of 7 and k?
7
Let h be (2 - -6 - 0)/(63/5859). What is the greatest common divisor of 651 and h?
93
Let u(y) = -y**2 + y + 1. Let z(j) = 7 + 3*j**2 - 10 + 6 + 7*j. Let k(d) = -u(d) + z(d). Let p be k(-5). What is the highest common divisor of p and 8?
8
Suppose 0 = 2*y + 5*m - 515, -m - 227 = -3*y + 537. What is the greatest common divisor of 2265 and y?
15
Suppose u + 3*u - 5*k - 60 = 0, 3*k - 75 = -5*u. Suppose 11*o + 2312 = u*o. Suppose 12*t = -50 + o. What is the highest common divisor of t and 22?
22
Suppose 465360 = 12*r + 68*r. Calculate the highest common divisor of 63 and r.
21
Let d = -32 + 132. Suppose 2*p = 3*x - d, 4*x - 6*x + p + 67 = 0. What is the greatest common factor of 323 and x?
17
Suppose 0 = -12*b + 35*b - 2070. Let k = -5 - -4. Let i be (k + 0)/1 - -11. What is the highest common factor of b and i?
10
Suppose 0 = 11*a - 13*a + 4. Let u be (-59)/((-9)/45 - 0/a). What is the greatest common divisor of 59 and u?
59
Let q(w) = 4*w**2 - w - 2. Let o be q(-2). Let s be ((-8)/(-8))/((-2)/(-78)). Let h = s + 9. What is the greatest common factor of h and o?
16
Suppose 48 = -0*y + 6*y. Let z(r) = 2*r**2 + 2*r. Let c be z(y). Suppose 43 = -34*d + 1675. Calculate the greatest common factor of d and c.
48
Let a be (2/(-6))/((-33)/495). Suppose 5*g = -a*l + 900, 2*l - 548 = -3*g + 3*l. What is the highest common divisor of g and 52?
26
Let s(q) = 13*q + 67. Let h be s(-4). Suppose -2905*n = -2904*n - h. Calculate the greatest common factor of 555 and n.
15
Suppose d + 3*d = 380. Let l = -97 + d. Let m = 19 - l. What is the highest common divisor of 147 and m?
21
Let w be 174225/460*(-8)/(-6). Calculate the greatest common factor of 15 and w.
5
Let z = 248 + -215. Calculate the highest common factor of 6369 and z.
33
Let x be (11/22)/(1/72). Suppose 4*a = 8 + x. Let u be -9*(1*-13 - -2). What is the greatest common divisor of a and u?
11
Suppose -642 = 8*k + 102. Let o be (0 - (-14)/3) + (-31)/k. Suppose -3*f = -4*z - 96, -5*f + z = o*z - 160. Calculate the greatest common divisor of f and 288.
32
Let t be ((-1)/(-2))/(82/27880). What is the highest common divisor of 20 and t?
10
Let r(p) = -p**3 + 9*p**2 + 7*p + 34. Let w be r(10). Let o(g) = 17*g - 13. Let d be o(w). Let a = 297 + d. What is the highest common factor of a and 32?
32
Let d = 125 - 75. Suppose 3*x - 30 = 2*l, 27 = -x + 5*l + d. Calculate the greatest common factor of 280 and x.
8
Let d = -8752 - -8959. What is the highest common factor of 1472 and d?
23
Let y be 290/(-4) + 1/2. Suppose 36*b - 35*b = q + 86, -1 = b. Let p = y - q. Calculate the highest common factor of p and 105.
15
Let x(y) = -8*y + 65. Let p be x(-11). Let q = p - -87. Calculate the greatest common divisor of q and 45.
15
Let h be ((-4)/(-6))/((-10)/(-15)). Suppose -3*q = 4*c + 18 + h, -2*c - 29 = 3*q. Let k = 29 + q. What is the greatest common divisor of 2 and k?
2
Let v = -6100 - -6105. Let d be ((-80)/6)/(1/(-6)). What is the greatest common factor of d and v?
5
Let b = 2565 + 2480. What is the greatest common divisor of 10 and b?
5
Suppose -4*u - 20 = 0, 12*p = 8*p + u + 12713. What is the greatest common factor of p and 9?
9
Let o be (69/6 + -9)*-2. Let r(k) = -13*k**3 - 14*k**2 - 49*k + 17. Let a be r(o). What is the greatest common factor of a and 29?
29
Let m(i) = -1862*i + 1906. Let r be m(-17). What is the greatest common divisor of r and 10?
10
Suppose -77*r + 36652 = -28*r. What is the greatest common facto